by u.
39
Suppose 340 = 4*f + 2*u, -4*f - 3*u + 8*u + 312 = 0. What is the remainder when 325 is divided by f?
76
Suppose 0 = -276*l + 268*l + 672. Calculate the remainder when l is divided by 4*-1*29/(-4).
26
Suppose -2*a - 4*t = -100, -4*a - 2 = 2*t - 172. What is the remainder when 277 is divided by a?
37
Let y = 52 + -49. Suppose y*x = 19 + 23. Let k(w) = -w**3 + 5*w**2 + 7*w - 5. What is the remainder when k(4) is divided by x?
11
Suppose -13*y + 20 = -3*y. Suppose -o - y*o = -q - 17, 3*o - 2 = -2*q. Calculate the remainder when 23 is divided by o.
3
What is the remainder when 197 is divided by 119/3 + (-3)/(-9)?
37
Let y(n) = 3*n + 18. Let j be y(-6). Suppose 2*z = -j*z + 30. Suppose 0 = -3*h + z + 27. Calculate the remainder when 40 is divided by h.
12
Suppose 5*n = -2*g + 440, -4*n + 4*g - 142 + 494 = 0. Calculate the remainder when n is divided by 23.
19
Let g(q) = -4*q - 5. Let w(m) = 105*m**2 - 36*m + 36. Calculate the remainder when w(1) is divided by g(-8).
24
Suppose 0 = 3*t - 4*y - 39, 0 = -t + 5*y + 22 + 2. Let s(v) = -v**3 + 8*v**2 + 13*v - 9. What is the remainder when 133 is divided by s(t)?
25
Let f be -4 + ((-15)/(-3) - 1). Suppose -22*k + 17*k + 300 = f. What is the remainder when k is divided by 16?
12
Let a(t) = -3*t - 21. Let w be a(-7). Suppose 10*n - 11*n + 51 = w. What is the remainder when n is divided by 27?
24
Suppose 0 = 5*g - g + g. What is the remainder when (4 - 2 - g) + 151 is divided by 39?
36
Let i(p) be the second derivative of -p**3/6 + 10*p**2 + 17*p. Let a = 11 - 6. What is the remainder when i(7) is divided by a?
3
Calculate the remainder when 41 is divided by (-2 + -28)*1/(-6)*3.
11
Suppose 0*j = 5*j - 270. Let b = 32 + 14. What is the remainder when j is divided by 648/b + 48/(-552)?
12
Let r(h) = -53*h + 699. Calculate the remainder when r(11) is divided by 14.
4
Suppose 4*w = -9*w + 2769. Suppose n + 4*h = 35, 3*n - 2*h = 57 + 76. Calculate the remainder when w is divided by n.
41
Suppose p - 9 = 3. Suppose -3*t + p = -2*v, 0*v + v = -t + 9. What is the remainder when -4 - -2*129/t is divided by 21?
18
Suppose 56 = 2*p - 2*q, 26 = 4*q + 6. Suppose -s = 4*x - 1, 0 = 4*s - 3*s - 4*x - p. What is the remainder when 1/((1 - 2)/(-32)) is divided by s?
15
Suppose 1116 = -60*y + 64*y. Calculate the remainder when y is divided by 40.
39
Suppose -46 = -x + 13. What is the remainder when x is divided by 31?
28
Calculate the remainder when (-27208)/(-76) + (0 + 3 - -2) is divided by 112.
27
Let f(d) = -d**3 - 20*d**2 + 44*d + 10. Calculate the remainder when 234 is divided by f(-22).
4
Let f(b) = -b**3 - 4*b**2 + 1. Suppose -5*p = -2*w - 10, 0 = -4*p - 5*w + 6 + 2. Suppose -p*z + 5 = -9. Calculate the remainder when f(-5) is divided by z.
5
Let q(y) = 2*y - 15. Let z be q(10). Suppose -z*n = -4*f - 2, 3*n = -f - 0*f + 8. Calculate the remainder when 2 is divided by n.
0
Let o(y) be the third derivative of -y**6/120 + y**5/12 + 5*y**4/24 + 19*y**3/6 - 16*y**2. Calculate the remainder when o(6) is divided by 5.
3
Suppose -2*m = -5*m + 51. Let s(h) = -26*h**3 - 2*h**2 + 4*h - 4. Let d be s(1). Calculate the remainder when (-1844)/d + (-3)/(-21) is divided by m.
15
Suppose -r = 3*n + 19, 3*n + 3*r = r - 23. Let w(l) = -6 - 3 - 3*l + 0*l. Calculate the remainder when w(n) is divided by 3.
0
Suppose 0 = -2*k - 27 + 259. What is the remainder when k is divided by (-16)/64 - (-157)/4?
38
Let z = -100 - -123. Suppose 5*h = 3*a - 24 - z, 0 = 3*a + 3*h - 39. What is the remainder when 20 is divided by a?
6
Suppose -3*c = 0, 5*c - 408 = -3*y + 399. What is the remainder when y is divided by 18?
17
Let l = -3 + 5. Let d = 0 - -5. What is the remainder when (-66)/(-9) + d/(-15) is divided by l?
1
Let s(w) = 49*w**2. Calculate the remainder when s(-1) is divided by 2/(-13) + (-41211)/(-3133).
10
Let i = 85 - 80. Suppose 9*f = 17*f - 48. Calculate the remainder when f is divided by i.
1
Suppose 9*t - 11*t + 24 = 0. Calculate the remainder when 3*(91/21 - -2) is divided by t.
7
Let n = -2586 - -2635. What is the remainder when n is divided by 2?
1
Suppose -17 = -2*m + 23. Calculate the remainder when 74 is divided by m.
14
Let g = -45 - -35. Let k = g + 21. What is the remainder when 32 is divided by k?
10
Suppose 2*s - 2*q - 46 = 0, -5*s + 2*q + 0*q + 109 = 0. Let u = -3470 - -3509. Calculate the remainder when u is divided by s.
18
Suppose 0 = -3*r - 4*y + 102 + 3, -r = -3*y - 48. Calculate the remainder when r is divided by 36.
3
Let j = -473 + 488. Let r be (-14)/(-3) - 2/3. Suppose 2*f + j = m + 4*f, -69 = -r*m + f. What is the remainder when m is divided by 6?
5
Calculate the remainder when 6/4*6180/45 is divided by 16.
14
Suppose -2*r + 0*m + m = -104, -206 = -4*r + 3*m. What is the remainder when r is divided by 11?
9
Suppose 7*o = 26*o - 893. Calculate the remainder when o is divided by 27.
20
Let f = -2393 - -5058. What is the remainder when f is divided by 62?
61
Suppose r = -5*u + 52, 2*r + 10 - 14 = 0. What is the remainder when 1599 is divided by u?
9
Suppose 0 = -9*x + 4*x - 4*i + 23, 4*x + 4*i - 16 = 0. Suppose -2*u - 515 = -5*d, -4*u = 2*d - x - 175. Calculate the remainder when d is divided by 34.
33
Suppose 5*r - 208 = -4*p, -46 + 213 = 3*p + r. What is the remainder when p is divided by (-133)/(-9) - 8/(-36)?
12
Let d(i) = -2*i**3 + 14*i**2 - 14*i + 19. Calculate the remainder when 7 is divided by d(6).
0
Let l(u) = u**3 - 2*u**2 + 49. Calculate the remainder when l(0) is divided by 45.
4
Let s = -61 + 81. Let u = 27 - s. Let y = -1 + 3. What is the remainder when u is divided by y?
1
Let f be ((-92)/6)/(2/6). Let s be (0 + 4)*-33*(-2)/4. Let d = s + f. What is the remainder when 58 is divided by d?
18
Suppose a - 594 = -5*a. Calculate the remainder when a is divided by (-1)/(-2) + 297/18.
14
Suppose 0 = 4*m - 5*b - 49 - 112, -4*b + 12 = 0. Calculate the remainder when m is divided by 24.
20
Suppose 0 = 3*v + 5*t + 43, 0*t - t = -2*v - 33. Let f = 27 + v. Suppose -37*l + 779 = -18*l. Calculate the remainder when l is divided by f.
8
Suppose -b - 3*p + p = -25, -5*p - 31 = -3*b. What is the remainder when 112 is divided by b?
10
Let s(x) = -x**2 - 39*x - 105. What is the remainder when s(-34) is divided by 11?
10
What is the remainder when 86 is divided by 1/(6 - ((-128)/(-26) + 1))?
8
Let s = -399 + 411. Let l(c) = c**2 - 7*c + 8. What is the remainder when s is divided by l(7)?
4
Let b = 166 - 91. Let y = b - 26. What is the remainder when y is divided by 10?
9
Suppose 0 = 4*u - 38 - 22. Suppose 5*n = -0*n + u. Suppose -70 = -n*q + 47. What is the remainder when q is divided by 14?
11
Let i = 38 + -9. Let n = i - 17. Calculate the remainder when ((-1)/2)/(2/(-140)) is divided by n.
11
Let g(i) = -4*i + 123. What is the remainder when 58 is divided by g(27)?
13
Suppose 5*n = 2*n - 4*v + 211, 0 = 5*n - 5*v - 410. What is the remainder when 212 is divided by n?
58
Suppose 2*n - 50 = 2. What is the remainder when n is divided by 12?
2
Suppose -2*c = -4*m + 30, -23 = -3*m - 16*c + 18*c. Suppose 4*s - 14 = 2*l, 4*l = 2*s + 2*l - 10. What is the remainder when m is divided by s?
1
Suppose -212*q = -217*q + 295. Calculate the remainder when 211 is divided by q.
34
Let b(g) = -g + 19. Let k be b(15). Suppose 0 = -k*y + 16 + 8. What is the remainder when 10 is divided by y?
4
Let w = -31 - -26. Let o = w - -23. What is the remainder when 68 is divided by o?
14
Let g be 156/18 - 2/(-6). Let v = g + 20. Suppose -5*b + v = -16. Calculate the remainder when 16 is divided by b.
7
Let v be (1 - 10) + (2 - 7 - -8). Let t = v - -25. Suppose 6 = q + 1. What is the remainder when t is divided by q?
4
Suppose -7*o = -8*o + 3*p + 7, 0 = 3*o - 3*p - 33. What is the remainder when o is divided by 6?
1
Let u(w) = 12*w + 9. Let g be u(-5). Let q = g - -73. Suppose 0 = 3*p + 10 - 133. What is the remainder when p is divided by q?
19
Let j(o) = 8*o - 42. Let r be j(6). Suppose 0 = r*h - 12*h + 174. What is the remainder when 51 is divided by h?
22
Let p be ((-7)/(-4))/(1/4). Let d = 67 + -47. Suppose 12*t - p*t - d = 0. What is the remainder when 14 is divided by t?
2
Let q = -29 + 32. Suppose -5*w + 5*n = -65, -20 = -q*w - 2*n + 39. Calculate the remainder when 66 is divided by w.
15
Let t = -8 - -10. Let x(b) = -12*b - 10. Le